ainder when 342 is divided by 23.
20
Calculate the remainder when 2004 is divided by 9.
6
Calculate the remainder when 186 is divided by 34.
16
What is the remainder when 576 is divided by 461?
115
What is the remainder when 223 is divided by 56?
55
Calculate the remainder when 120 is divided by 13.
3
What is the remainder when 363 is divided by 48?
27
Calculate the remainder when 144 is divided by 53.
38
What is the remainder when 8728 is divided by 15?
13
Calculate the remainder when 1650 is divided by 127.
126
What is the remainder when 110 is divided by 25?
10
Calculate the remainder when 60 is divided by 9.
6
Calculate the remainder when 570 is divided by 26.
24
What is the remainder when 623 is divided by 26?
25
Calculate the remainder when 432 is divided by 57.
33
Calculate the remainder when 937 is divided by 47.
44
What is the remainder when 611 is divided by 62?
53
Calculate the remainder when 1804 is divided by 76.
56
What is the remainder when 1094 is divided by 90?
14
What is the remainder when 5183 is divided by 305?
303
What is the remainder when 538 is divided by 19?
6
What is the remainder when 650 is divided by 166?
152
What is the remainder when 501 is divided by 56?
53
What is the remainder when 56 is divided by 32?
24
Calculate the remainder when 276 is divided by 71.
63
Calculate the remainder when 900 is divided by 77.
53
What is the remainder when 479 is divided by 15?
14
Calculate the remainder when 158 is divided by 27.
23
Calculate the remainder when 14135 is divided by 57.
56
Calculate the remainder when 67 is divided by 43.
24
Calculate the remainder when 679 is divided by 11.
8
Calculate the remainder when 50 is divided by 9.
5
What is the remainder when 931 is divided by 85?
81
Calculate the remainder when 23 is divided by 18.
5
What is the remainder when 858 is divided by 43?
41
Calculate the remainder when 714 is divided by 72.
66
Calculate the remainder when 355 is divided by 15.
10
What is the remainder when 128 is divided by 53?
22
Calculate the remainder when 69 is divided by 12.
9
Calculate the remainder when 1106 is divided by 119.
35
Calculate the remainder when 879 is divided by 22.
21
Calculate the remainder when 1125 is divided by 24.
21
What is the remainder when 2096 is divided by 60?
56
What is the remainder when 1063 is divided by 225?
163
What is the remainder when 526 is divided by 210?
106
Calculate the remainder when 448 is divided by 59.
35
Calculate the remainder when 357 is divided by 19.
15
Calculate the remainder when 883 is divided by 52.
51
What is the remainder when 398 is divided by 104?
86
Calculate the remainder when 633 is divided by 127.
125
Calculate the remainder when 291 is divided by 91.
18
What is the remainder when 364 is divided by 73?
72
What is the remainder when 602 is divided by 11?
8
Calculate the remainder when 3403 is divided by 5.
3
What is the remainder when 410 is divided by 130?
20
Calculate the remainder when 1757 is divided by 42.
35
Calculate the remainder when 476 is divided by 44.
36
Calculate the remainder when 428 is divided by 39.
38
What is the remainder when 12 is divided by 3?
0
What is the remainder when 1863 is divided by 307?
21
Calculate the remainder when 196 is divided by 120.
76
What is the remainder when 423 is divided by 9?
0
What is the remainder when 1767 is divided by 93?
0
Calculate the remainder when 87 is divided by 22.
21
What is the remainder when 502 is divided by 16?
6
What is the remainder when 97 is divided by 32?
1
Calculate the remainder when 122 is divided by 24.
2
Calculate the remainder when 5049 is divided by 19.
14
What is the remainder when 1635 is divided by 14?
11
What is the remainder when 184 is divided by 47?
43
Calculate the remainder when 432 is divided by 31.
29
What is the remainder when 43557 is divided by 132?
129
Calculate the remainder when 1124 is divided by 141.
137
What is the remainder when 394 is divided by 164?
66
Calculate the remainder when 43599 is divided by 13.
10
What is the remainder when 3639 is divided by 331?
329
What is the remainder when 2109 is divided by 22?
19
What is the remainder when 46 is divided by 26?
20
Calculate the remainder when 3169 is divided by 317.
316
What is the remainder when 143 is divided by 12?
11
Calculate the remainder when 149 is divided by 20.
9
Calculate the remainder when 113 is divided by 20.
13
Calculate the remainder when 344 is divided by 73.
52
What is the remainder when 3650 is divided by 58?
54
Calculate the remainder when 673 is divided by 25.
23
Calculate the remainder when 273 is divided by 66.
9
What is the remainder when 172 is divided by 29?
27
What is the remainder when 10940 is divided by 1094?
0
Calculate the remainder when 278 is divided by 56.
54
Calculate the remainder when 454 is divided by 63.
13
Calculate the remainder when 143 is divided by 73.
70
What is the remainder when 17 is divided by 8?
1
Calculate the remainder when 437 is divided by 88.
85
Calculate the remainder when 399 is divided by 55.
14
Calculate the remainder when 194 is divided by 16.
2
What is the remainder when 272 is divided by 25?
22
What is the remainder when 9 is divided by 3?
0
What is the remainder when 76 is divided by 26?
24
What is the remainder when 83 is divided by 12?
11
Calculate the remainder when 783 is divided by 438.
345
What is the remainder when 188 is divided by 7?
6
Calculate the remainder when 1795 is divided by 15.
10
What is the remainder when 956 is divided by 32?
28
What is the remainder when 494 is divided by 124?
122
Calculate the remainder when 406 is divided by 34.
32
Calculate the remainder when 9787 is divided by 13.
11
Calculate the remainder when 337 is divided by 37.
4
Calculate the remainder when 421 is divided by 147.
127
Calculate the remainder when 420 is divided by 47.
44
Calculate the remainder when 176 is divided by 30.
26
What is the remainder when 57 is divided by 31?
26
What is the remainder when 9727 is divided by 141?
139
What is the remainder when 2937 is divided by 58?
37
What is the remainder when 491 is divided by 41?
40
Calculate the remainder when 41 is divided by 14.
13
What is the remainder when 743 is divided by 73?
13
Calculate the remainder when 218 is divided by 5.
3
What is the remainder when 375 is divided by 64?
55
What is the remainder when 8 is divided by 5?
3
Calculate the remainder when 2149 is divided by 9.
7
What is the remainder when 66 is divided by 36?
30
Calculate the remainder when 1973 is divided by 38.
35
Calculate the remainder when 1776 is divided by 127.
125
What is the remainder when 1609 is divided by 29?
14
Calculate the remainder when 5297 is divided by 171.
167
Calculate the remainder when 62 is divided by 38.
24
What is the remainder when 55 is divided by 36?
19
What is the remainder when 8397 is divided by 120?
117
Calculate the remainder when 543 is divided by 41.
10
What is the remainder when 413 is divided by 13?
10
Calculate the remainder when 1260 is divided by 127.
117
Calculate the remainder when 4143 is divided by 208.
191
Calculate the remainder when 875 is divided by 20.
15
Calculate the remainder when 44701 is divided by 16.
13
Calculate the remainder when 194 is divided by 36.
14
What is the remainder when 217 is divided by 72?
1
Calculate the remainder when 3494 is divided by 152.
150
Calculate the remainder when 34 is divided by 21.
13
What is the remainder when 200 is divided by 12?
8
Calculate the remainder when 68 is divided by 14.
12
What is the remainder when 2463 is divided by 351?
6
What is the remainder when 4838 is divided by 121?
119
Calculate the remainder when 495 is divided by 260.
235
What is the remainder when 97 is divided by 45?
7
Calculate the remainder when 1065 is divided by 172.
33
What is the remainder when 1506 is divided by 8?
2
Calculate the remainder when 77 is divided by 8.
5
What is the remainder when 1108 is divided by 26?
16
Calculate the remainder when 1182 is divided by 23.
9
Calculate the remainder when 11 is divided by 7.
4
Calculate the remainder when 636 is divided by 131.
112
What is the remainder when 34 is divided by 6?
4
Calculate the remainder when 862 is divided by 48.
46
Calculate the remainder when 707 is divided by 85.
27
Calcu